{"id":16897,"date":"2023-08-15T11:06:23","date_gmt":"2023-08-15T09:06:23","guid":{"rendered":"https:\/\/www.rendezvousbundesplatz.ch\/le-spectacle-2023\/energie\/"},"modified":"2025-01-14T10:57:07","modified_gmt":"2025-01-14T09:57:07","slug":"energie","status":"publish","type":"page","link":"https:\/\/www.rendezvousbundesplatz.ch\/fr\/energie\/","title":{"rendered":"Le spectacle d&rsquo;\u00e9conomie de lumi\u00e8re"},"content":{"rendered":"<div class=\"wpb-content-wrapper\"><p>[vc_row css_animation=\u00a0\u00bb\u00a0\u00bb row_type=\u00a0\u00bbrow\u00a0\u00bb use_row_as_full_screen_section=\u00a0\u00bbno\u00a0\u00bb type=\u00a0\u00bbfull_width\u00a0\u00bb angled_section=\u00a0\u00bbno\u00a0\u00bb text_align=\u00a0\u00bbcenter\u00a0\u00bb background_image_as_pattern=\u00a0\u00bbwithout_pattern\u00a0\u00bb z_index=\u00a0\u00bb\u00a0\u00bb][vc_column][vc_empty_space][vc_column_text css=\u00a0\u00bb\u00a0\u00bb]<\/p>\n<p style=\"text-align: center;\">Sans lumi\u00e8re, rien ne fonctionne chez Rendez-vous Bundesplatz. Oui, nous avons besoin d\u2019\u00e9lectricit\u00e9. Et oui, c\u2019est possible ! Rendez-vous Bundesplatz, la c\u00e9l\u00e8bre manifestation Son-et-Lumi\u00e8re au Palais du Parlement suisse, peut aussi \u00e9conomiser de l\u2019\u00e9lectricit\u00e9. Nous avons commenc\u00e9 \u00e0 le faire \u00e0 grande \u00e9chelle l\u2019ann\u00e9e 2022. Notamment avec la toute derni\u00e8re technique des projecteurs laser-phosphore : les sources lumineuses laser, qui ne n\u00e9cessitent pratiquement aucun entretien, permettent d\u2019\u00e9conomiser jusqu\u2019\u00e0 30 % d\u2019\u00e9nergie.<\/p>\n<p style=\"text-align: center;\">Cette ann\u00e9e, nous continuons. Dans l\u2019esprit du leitmotiv de la durabilit\u00e9 : r\u00e9duire la consommation d\u2019\u00e9nergie, augmenter l\u2019efficacit\u00e9 \u00e9nerg\u00e9tique et promouvoir les \u00e9nergies renouvelables.<\/p>\n<p style=\"text-align: center;\">Cette ann\u00e9e aussi, nous utilisons 100 % d\u2019\u00e9nergie renouvelable d&rsquo;\u00ab Energie Wasser Bern \u00bb, en abr\u00e9g\u00e9 \u00ab ewb \u00bb. Selon la derni\u00e8re \u00e9tude comparative de l\u2019Office f\u00e9d\u00e9ral de l\u2019\u00e9nergie (OFEN), ewb est l\u2019un des fournisseurs d\u2019\u00e9nergie les plus durables de Suisse. Energie Wasser Bern a obtenu d\u2019excellents r\u00e9sultats dans tous les domaines analys\u00e9s et occupe m\u00eame la premi\u00e8re place dans les cat\u00e9gories \u00e9lectricit\u00e9 et gaz.<\/p>\n<p style=\"text-align: center;\">Pour Rendez-vous Bundesplatz, ewb est le partenaire id\u00e9al.<\/p>\n<p style=\"text-align: center;\">\u00a0Le 18 octobre 2025, c\u2019est parti. Trois fois chaque soir \u2013 19h, 20h et 21h. Et ce jusqu\u2019au 22 novembre 2025.<\/p>\n<p>[\/vc_column_text][vc_empty_space][vc_column_text]<\/p>\n<h2 style=\"text-align: center;\">Notre partenaire \u00e9nerg\u00e9tique<\/h2>\n<p>[\/vc_column_text][vc_empty_space][vc_single_image image=\u00a0\u00bb17798&Prime; img_size=\u00a0\u00bb\u00a0\u00bb alignment=\u00a0\u00bbcenter\u00a0\u00bb onclick=\u00a0\u00bbcustom_link\u00a0\u00bb img_link_target=\u00a0\u00bb_blank\u00a0\u00bb css=\u00a0\u00bb\u00a0\u00bb qode_css_animation=\u00a0\u00bb\u00a0\u00bb link=\u00a0\u00bbhttps:\/\/www.ewb.ch\/\u00a0\u00bb][vc_empty_space][\/vc_column][\/vc_row]<\/p>\n<\/div>","protected":false},"excerpt":{"rendered":"<p>[vc_row css_animation=\u00a0\u00bb\u00a0\u00bb row_type=\u00a0\u00bbrow\u00a0\u00bb use_row_as_full_screen_section=\u00a0\u00bbno\u00a0\u00bb type=\u00a0\u00bbfull_width\u00a0\u00bb angled_section=\u00a0\u00bbno\u00a0\u00bb text_align=\u00a0\u00bbcenter\u00a0\u00bb background_image_as_pattern=\u00a0\u00bbwithout_pattern\u00a0\u00bb z_index=\u00a0\u00bb\u00a0\u00bb][vc_column][vc_empty_space][vc_column_text css=\u00a0\u00bb\u00a0\u00bb] Sans lumi\u00e8re, rien ne fonctionne chez Rendez-vous Bundesplatz. Oui, nous avons besoin d\u2019\u00e9lectricit\u00e9. Et oui, c\u2019est possible ! Rendez-vous Bundesplatz, la c\u00e9l\u00e8bre manifestation Son-et-Lumi\u00e8re au Palais du Parlement suisse, peut aussi \u00e9conomiser de l\u2019\u00e9lectricit\u00e9. Nous&#8230;<\/p>\n","protected":false},"author":2,"featured_media":0,"parent":0,"menu_order":0,"comment_status":"closed","ping_status":"closed","template":"","meta":{"footnotes":""},"class_list":["post-16897","page","type-page","status-publish","hentry"],"yoast_head":"<!-- This site is optimized with the Yoast SEO plugin v27.0 - https:\/\/yoast.com\/product\/yoast-seo-wordpress\/ -->\n<title>Le spectacle d&#039;\u00e9conomie de lumi\u00e8re - Rendez-vous Bundesplatz<\/title>\n<meta name=\"robots\" content=\"index, follow, max-snippet:-1, max-image-preview:large, max-video-preview:-1\" \/>\n<link rel=\"canonical\" href=\"https:\/\/www.rendezvousbundesplatz.ch\/fr\/energie\/\" \/>\n<meta property=\"og:locale\" content=\"fr_FR\" \/>\n<meta property=\"og:type\" content=\"article\" \/>\n<meta property=\"og:title\" content=\"Le spectacle d&#039;\u00e9conomie de lumi\u00e8re - Rendez-vous Bundesplatz\" \/>\n<meta property=\"og:description\" content=\"[vc_row css_animation=\u00a0\u00bb\u00a0\u00bb row_type=\u00a0\u00bbrow\u00a0\u00bb use_row_as_full_screen_section=\u00a0\u00bbno\u00a0\u00bb type=\u00a0\u00bbfull_width\u00a0\u00bb angled_section=\u00a0\u00bbno\u00a0\u00bb text_align=\u00a0\u00bbcenter\u00a0\u00bb background_image_as_pattern=\u00a0\u00bbwithout_pattern\u00a0\u00bb z_index=\u00a0\u00bb\u00a0\u00bb][vc_column][vc_empty_space][vc_column_text css=\u00a0\u00bb\u00a0\u00bb] Sans lumi\u00e8re, rien ne fonctionne chez Rendez-vous Bundesplatz. Oui, nous avons besoin d\u2019\u00e9lectricit\u00e9. Et oui, c\u2019est possible ! Rendez-vous Bundesplatz, la c\u00e9l\u00e8bre manifestation Son-et-Lumi\u00e8re au Palais du Parlement suisse, peut aussi \u00e9conomiser de l\u2019\u00e9lectricit\u00e9. Nous...\" \/>\n<meta property=\"og:url\" content=\"https:\/\/www.rendezvousbundesplatz.ch\/fr\/energie\/\" \/>\n<meta property=\"og:site_name\" content=\"Rendez-vous Bundesplatz\" \/>\n<meta property=\"article:modified_time\" content=\"2025-01-14T09:57:07+00:00\" \/>\n<meta name=\"twitter:label1\" content=\"Dur\u00e9e de lecture estim\u00e9e\" \/>\n\t<meta name=\"twitter:data1\" content=\"1 minute\" \/>\n<script type=\"application\/ld+json\" class=\"yoast-schema-graph\">{\"@context\":\"https:\/\/schema.org\",\"@graph\":[{\"@type\":\"WebPage\",\"@id\":\"https:\/\/www.rendezvousbundesplatz.ch\/fr\/energie\/\",\"url\":\"https:\/\/www.rendezvousbundesplatz.ch\/fr\/energie\/\",\"name\":\"Le spectacle d'\u00e9conomie de lumi\u00e8re - Rendez-vous Bundesplatz\",\"isPartOf\":{\"@id\":\"https:\/\/www.rendezvousbundesplatz.ch\/#website\"},\"datePublished\":\"2023-08-15T09:06:23+00:00\",\"dateModified\":\"2025-01-14T09:57:07+00:00\",\"breadcrumb\":{\"@id\":\"https:\/\/www.rendezvousbundesplatz.ch\/fr\/energie\/#breadcrumb\"},\"inLanguage\":\"fr-FR\",\"potentialAction\":[{\"@type\":\"ReadAction\",\"target\":[\"https:\/\/www.rendezvousbundesplatz.ch\/fr\/energie\/\"]}]},{\"@type\":\"BreadcrumbList\",\"@id\":\"https:\/\/www.rendezvousbundesplatz.ch\/fr\/energie\/#breadcrumb\",\"itemListElement\":[{\"@type\":\"ListItem\",\"position\":1,\"name\":\"Home\",\"item\":\"https:\/\/www.rendezvousbundesplatz.ch\/fr\/bienvenue\/\"},{\"@type\":\"ListItem\",\"position\":2,\"name\":\"Le spectacle d&rsquo;\u00e9conomie de lumi\u00e8re\"}]},{\"@type\":\"WebSite\",\"@id\":\"https:\/\/www.rendezvousbundesplatz.ch\/#website\",\"url\":\"https:\/\/www.rendezvousbundesplatz.ch\/\",\"name\":\"Rendez-vous Bundesplatz\",\"description\":\"17 octobre au 21 novembre 2026\",\"potentialAction\":[{\"@type\":\"SearchAction\",\"target\":{\"@type\":\"EntryPoint\",\"urlTemplate\":\"https:\/\/www.rendezvousbundesplatz.ch\/?s={search_term_string}\"},\"query-input\":{\"@type\":\"PropertyValueSpecification\",\"valueRequired\":true,\"valueName\":\"search_term_string\"}}],\"inLanguage\":\"fr-FR\"}]}<\/script>\n<!-- \/ Yoast SEO plugin. -->","yoast_head_json":{"title":"Le spectacle d'\u00e9conomie de lumi\u00e8re - Rendez-vous Bundesplatz","robots":{"index":"index","follow":"follow","max-snippet":"max-snippet:-1","max-image-preview":"max-image-preview:large","max-video-preview":"max-video-preview:-1"},"canonical":"https:\/\/www.rendezvousbundesplatz.ch\/fr\/energie\/","og_locale":"fr_FR","og_type":"article","og_title":"Le spectacle d'\u00e9conomie de lumi\u00e8re - Rendez-vous Bundesplatz","og_description":"[vc_row css_animation=\u00a0\u00bb\u00a0\u00bb row_type=\u00a0\u00bbrow\u00a0\u00bb use_row_as_full_screen_section=\u00a0\u00bbno\u00a0\u00bb type=\u00a0\u00bbfull_width\u00a0\u00bb angled_section=\u00a0\u00bbno\u00a0\u00bb text_align=\u00a0\u00bbcenter\u00a0\u00bb background_image_as_pattern=\u00a0\u00bbwithout_pattern\u00a0\u00bb z_index=\u00a0\u00bb\u00a0\u00bb][vc_column][vc_empty_space][vc_column_text css=\u00a0\u00bb\u00a0\u00bb] Sans lumi\u00e8re, rien ne fonctionne chez Rendez-vous Bundesplatz. Oui, nous avons besoin d\u2019\u00e9lectricit\u00e9. Et oui, c\u2019est possible ! Rendez-vous Bundesplatz, la c\u00e9l\u00e8bre manifestation Son-et-Lumi\u00e8re au Palais du Parlement suisse, peut aussi \u00e9conomiser de l\u2019\u00e9lectricit\u00e9. Nous...","og_url":"https:\/\/www.rendezvousbundesplatz.ch\/fr\/energie\/","og_site_name":"Rendez-vous Bundesplatz","article_modified_time":"2025-01-14T09:57:07+00:00","twitter_misc":{"Dur\u00e9e de lecture estim\u00e9e":"1 minute"},"schema":{"@context":"https:\/\/schema.org","@graph":[{"@type":"WebPage","@id":"https:\/\/www.rendezvousbundesplatz.ch\/fr\/energie\/","url":"https:\/\/www.rendezvousbundesplatz.ch\/fr\/energie\/","name":"Le spectacle d'\u00e9conomie de lumi\u00e8re - Rendez-vous Bundesplatz","isPartOf":{"@id":"https:\/\/www.rendezvousbundesplatz.ch\/#website"},"datePublished":"2023-08-15T09:06:23+00:00","dateModified":"2025-01-14T09:57:07+00:00","breadcrumb":{"@id":"https:\/\/www.rendezvousbundesplatz.ch\/fr\/energie\/#breadcrumb"},"inLanguage":"fr-FR","potentialAction":[{"@type":"ReadAction","target":["https:\/\/www.rendezvousbundesplatz.ch\/fr\/energie\/"]}]},{"@type":"BreadcrumbList","@id":"https:\/\/www.rendezvousbundesplatz.ch\/fr\/energie\/#breadcrumb","itemListElement":[{"@type":"ListItem","position":1,"name":"Home","item":"https:\/\/www.rendezvousbundesplatz.ch\/fr\/bienvenue\/"},{"@type":"ListItem","position":2,"name":"Le spectacle d&rsquo;\u00e9conomie de lumi\u00e8re"}]},{"@type":"WebSite","@id":"https:\/\/www.rendezvousbundesplatz.ch\/#website","url":"https:\/\/www.rendezvousbundesplatz.ch\/","name":"Rendez-vous Bundesplatz","description":"17 octobre au 21 novembre 2026","potentialAction":[{"@type":"SearchAction","target":{"@type":"EntryPoint","urlTemplate":"https:\/\/www.rendezvousbundesplatz.ch\/?s={search_term_string}"},"query-input":{"@type":"PropertyValueSpecification","valueRequired":true,"valueName":"search_term_string"}}],"inLanguage":"fr-FR"}]}},"_links":{"self":[{"href":"https:\/\/www.rendezvousbundesplatz.ch\/fr\/wp-json\/wp\/v2\/pages\/16897","targetHints":{"allow":["GET"]}}],"collection":[{"href":"https:\/\/www.rendezvousbundesplatz.ch\/fr\/wp-json\/wp\/v2\/pages"}],"about":[{"href":"https:\/\/www.rendezvousbundesplatz.ch\/fr\/wp-json\/wp\/v2\/types\/page"}],"author":[{"embeddable":true,"href":"https:\/\/www.rendezvousbundesplatz.ch\/fr\/wp-json\/wp\/v2\/users\/2"}],"replies":[{"embeddable":true,"href":"https:\/\/www.rendezvousbundesplatz.ch\/fr\/wp-json\/wp\/v2\/comments?post=16897"}],"version-history":[{"count":26,"href":"https:\/\/www.rendezvousbundesplatz.ch\/fr\/wp-json\/wp\/v2\/pages\/16897\/revisions"}],"predecessor-version":[{"id":18522,"href":"https:\/\/www.rendezvousbundesplatz.ch\/fr\/wp-json\/wp\/v2\/pages\/16897\/revisions\/18522"}],"wp:attachment":[{"href":"https:\/\/www.rendezvousbundesplatz.ch\/fr\/wp-json\/wp\/v2\/media?parent=16897"}],"curies":[{"name":"wp","href":"https:\/\/api.w.org\/{rel}","templated":true}]}}

Le spectacle d&rsquo;économie de lumière

<div class="wpb-content-wrapper"><p>[vc_row css_animation= » » row_type= »row » use_row_as_full_screen_section= »no » type= »full_width » angled_section= »no » text_align= »center » background_image_as_pattern= »without_pattern » z_index= » »][vc_column][vc_empty_space][vc_column_text css= » »]</p>
<p style="text-align: center;">Sans lumière, rien ne fonctionne chez Rendez-vous Bundesplatz. Oui, nous avons besoin d’électricité. Et oui, c’est possible ! Rendez-vous Bundesplatz, la célèbre manifestation Son-et-Lumière au Palais du Parlement suisse, peut aussi économiser de l’électricité. Nous avons commencé à le faire à grande échelle l’année 2022. Notamment avec la toute dernière technique des projecteurs laser-phosphore : les sources lumineuses laser, qui ne nécessitent pratiquement aucun entretien, permettent d’économiser jusqu’à 30 % d’énergie.</p>
<p style="text-align: center;">Cette année, nous continuons. Dans l’esprit du leitmotiv de la durabilité : réduire la consommation d’énergie, augmenter l’efficacité énergétique et promouvoir les énergies renouvelables.</p>
<p style="text-align: center;">Cette année aussi, nous utilisons 100 % d’énergie renouvelable d&rsquo;« Energie Wasser Bern », en abrégé « ewb ». Selon la dernière étude comparative de l’Office fédéral de l’énergie (OFEN), ewb est l’un des fournisseurs d’énergie les plus durables de Suisse. Energie Wasser Bern a obtenu d’excellents résultats dans tous les domaines analysés et occupe même la première place dans les catégories électricité et gaz.</p>
<p style="text-align: center;">Pour Rendez-vous Bundesplatz, ewb est le partenaire idéal.</p>
<p style="text-align: center;"> Le 18 octobre 2025, c’est parti. Trois fois chaque soir – 19h, 20h et 21h. Et ce jusqu’au 22 novembre 2025.</p>
<p>[/vc_column_text][vc_empty_space][vc_column_text]</p>
<h2 style="text-align: center;">Notre partenaire énergétique</h2>
<p>[/vc_column_text][vc_empty_space][vc_single_image image= »17798&Prime; img_size= » » alignment= »center » onclick= »custom_link » img_link_target= »_blank » css= » » qode_css_animation= » » link= »https://www.ewb.ch/ »][vc_empty_space][/vc_column][/vc_row]</p>
</div>

<p>[vc_row css_animation= » » row_type= »row » use_row_as_full_screen_section= »no » type= »full_width » angled_section= »no » text_align= »center » background_image_as_pattern= »without_pattern » z_index= » »][vc_column][vc_empty_space][vc_column_text css= » »] Sans lumière, rien ne fonctionne chez Rendez-vous Bundesplatz. Oui, nous avons besoin d’électricité. Et oui, c’est possible ! Rendez-vous Bundesplatz, la célèbre manifestation Son-et-Lumière au Palais du Parlement suisse, peut aussi économiser de l’électricité. Nous&#8230;</p>

<!-- This site is optimized with the Yoast SEO plugin v27.0 - https://yoast.com/product/yoast-seo-wordpress/ -->
<title>Le spectacle d&#039;économie de lumière - Rendez-vous Bundesplatz</title>
<meta name="robots" content="index, follow, max-snippet:-1, max-image-preview:large, max-video-preview:-1" />
<link rel="canonical" href="https://www.rendezvousbundesplatz.ch/fr/energie/" />
<meta property="og:locale" content="fr_FR" />
<meta property="og:type" content="article" />
<meta property="og:title" content="Le spectacle d&#039;économie de lumière - Rendez-vous Bundesplatz" />
<meta property="og:description" content="[vc_row css_animation= » » row_type= »row » use_row_as_full_screen_section= »no » type= »full_width » angled_section= »no » text_align= »center » background_image_as_pattern= »without_pattern » z_index= » »][vc_column][vc_empty_space][vc_column_text css= » »] Sans lumière, rien ne fonctionne chez Rendez-vous Bundesplatz. Oui, nous avons besoin d’électricité. Et oui, c’est possible ! Rendez-vous Bundesplatz, la célèbre manifestation Son-et-Lumière au Palais du Parlement suisse, peut aussi économiser de l’électricité. Nous..." />
<meta property="og:url" content="https://www.rendezvousbundesplatz.ch/fr/energie/" />
<meta property="og:site_name" content="Rendez-vous Bundesplatz" />
<meta property="article:modified_time" content="2025-01-14T09:57:07+00:00" />
<meta name="twitter:label1" content="Durée de lecture estimée" />
	<meta name="twitter:data1" content="1 minute" />
<script type="application/ld+json" class="yoast-schema-graph">{"@context":"https://schema.org","@graph":[{"@type":"WebPage","@id":"https://www.rendezvousbundesplatz.ch/fr/energie/","url":"https://www.rendezvousbundesplatz.ch/fr/energie/","name":"Le spectacle d'économie de lumière - Rendez-vous Bundesplatz","isPartOf":{"@id":"https://www.rendezvousbundesplatz.ch/#website"},"datePublished":"2023-08-15T09:06:23+00:00","dateModified":"2025-01-14T09:57:07+00:00","breadcrumb":{"@id":"https://www.rendezvousbundesplatz.ch/fr/energie/#breadcrumb"},"inLanguage":"fr-FR","potentialAction":[{"@type":"ReadAction","target":["https://www.rendezvousbundesplatz.ch/fr/energie/"]}]},{"@type":"BreadcrumbList","@id":"https://www.rendezvousbundesplatz.ch/fr/energie/#breadcrumb","itemListElement":[{"@type":"ListItem","position":1,"name":"Home","item":"https://www.rendezvousbundesplatz.ch/fr/bienvenue/"},{"@type":"ListItem","position":2,"name":"Le spectacle d&rsquo;économie de lumière"}]},{"@type":"WebSite","@id":"https://www.rendezvousbundesplatz.ch/#website","url":"https://www.rendezvousbundesplatz.ch/","name":"Rendez-vous Bundesplatz","description":"17 octobre au 21 novembre 2026","potentialAction":[{"@type":"SearchAction","target":{"@type":"EntryPoint","urlTemplate":"https://www.rendezvousbundesplatz.ch/?s={search_term_string}"},"query-input":{"@type":"PropertyValueSpecification","valueRequired":true,"valueName":"search_term_string"}}],"inLanguage":"fr-FR"}]}</script>
<!-- / Yoast SEO plugin. -->

Le spectacle d'économie de lumière - Rendez-vous Bundesplatz

[vc_row css_animation= » » row_type= »row » use_row_as_full_screen_section= »no » type= »full_width » angled_section= »no » text_align= »center » background_image_as_pattern= »without_pattern » z_index= » »][vc_column][vc_empty_space][vc_column_text css= » »] Sans lumière, rien ne fonctionne chez Rendez-vous Bundesplatz. Oui, nous avons besoin d’électricité. Et oui, c’est possible ! Rendez-vous Bundesplatz, la célèbre manifestation Son-et-Lumière au Palais du Parlement suisse, peut aussi économiser de l’électricité. Nous...
